{"id":1629,"date":"2016-10-03T17:05:14","date_gmt":"2016-10-03T15:05:14","guid":{"rendered":"https:\/\/artheauaviation.com\/eng\/?post_type=product&#038;p=1629"},"modified":"2023-02-27T17:34:15","modified_gmt":"2023-02-27T15:34:15","slug":"embraer-195","status":"publish","type":"product","link":"https:\/\/dev.artheauaviation.com\/eng\/product\/embraer-195\/","title":{"rendered":"Embraer 195"},"content":{"rendered":"<p style=\"text-align: justify;\"><strong>Pr\u00e9sentation g\u00e9n\u00e9rale:<\/strong><\/p>\n<p style=\"text-align: justify;\">L&#8217;Embraer 195 est un avion de ligne produit par l&#8217;entreprise br\u00e9silienne &#8220;Embraer&#8221;. Cette derni\u00e8re est sp\u00e9cialis\u00e9e dans le d\u00e9veloppement et la production d&#8217;avions civils de ligne, de petite et moyenne capacit\u00e9. La gamme des EMB 170\/ 180 et 190, avions pouvant accueillir de 70 \u00e0 120 passagers, sont d\u00e9velopp\u00e9s dans le but de confirmer la relev\u00e9e \u00e9conomique du constructeur apr\u00e8s le succ\u00e8s du ERJ 145.<\/p>\n<p style=\"text-align: justify;\">L&#8217;Embraer 195 est un version allong\u00e9e du mod\u00e8le EMB 190. Il a effectu\u00e9 son premier vol le 7 d\u00e9cembre 2004, et est certifi\u00e9 depuis 2006. Il a d&#8217;ailleurs \u00e9tait mis en service en juin 2006.<\/p>\n<p style=\"text-align: justify;\"><strong>Caract\u00e9ristiques commerciales:<\/strong><\/p>\n<p style=\"text-align: justify;\">Flybe a command\u00e9 quatorze exemplaires de cet avion, et pos\u00e9 douze options.<br \/>\nRoyal Jordanian a sept appareils en commande.<br \/>\nLe groupe espagnol Globalia a command\u00e9 six Embraer 195 pour la compagnie r\u00e9gionale Universal Airlines, puis doubl\u00e9 cette commande, mais un appareil a \u00e9t\u00e9 c\u00e9d\u00e9 avant la livraison \u00e0 Arkia.<br \/>\nTrente Embraer 190\/195 ont ensuite \u00e9t\u00e9 command\u00e9s par le groupe Lufthansa. Le premier appareil; un Embraer 195 am\u00e9nag\u00e9 avec 116 si\u00e8ges, a \u00e9t\u00e9 livr\u00e9 le 27 janvier 2009 \u00e0 Air Dolomiti. La compagnie italienne a re\u00e7u cinq appareils identiques en 2009 pour assurer les liaisons entre Milan, Turin et V\u00e9rone d&#8217;une part, Munich et Francfort d&#8217;autre part.<br \/>\nLa compagnie polonaise LOT a acquis son premier Embraer 195 le 11 avril 2011.<\/p>\n<p style=\"text-align: justify;\">Au 31 d\u00e9cembre 2015, cent quarante et un exemplaires sont en service et vingt-quatre en commande.<\/p>\n<p style=\"text-align: justify;\">\u00a0<strong>Caract\u00e9ristiques techniques:<\/strong><\/p>\n<p style=\"text-align: justify;\">L&#8217;Embraer 195 est un avion bimoteur \u00e0 r\u00e9action, capable de franchir jusqu&#8217;\u00e0 4 077 km sans escale. Cela fait de lui un appareil efficace sur les moyens courriers.<\/p>\n<p style=\"text-align: justify;\">Il peut accueillir jusqu&#8217;\u00e0 122 passagers \u00e0 bord, dans une cabine simple, moderne et confortable. Toutes les versions standards de l&#8217;appareil comportent une prise I-Pod et un r\u00e9seau t\u00e9l\u00e9phonique. Avion mono-couloir, L&#8217;EMB-195 est configur\u00e9 en rang\u00e9es de 2 si\u00e8ges de chaque c\u00f4t\u00e9, sur les compagnies r\u00e9guli\u00e8res le plan cabine permet d&#8217;embarquer 120 passagers.<\/p>\n<p style=\"text-align: justify;\">Il existe une version l\u00e9g\u00e8rement plus r\u00e9cente et am\u00e9lior\u00e9e, l&#8217;Embraer 195-E2.<\/p>\n","protected":false},"excerpt":{"rendered":"<p>Pr\u00e9sentation g\u00e9n\u00e9rale: L&#8217;Embraer 195 est un avion de ligne produit par l&#8217;entreprise br\u00e9silienne &#8220;Embraer&#8221;. Cette derni\u00e8re est sp\u00e9cialis\u00e9e dans le d\u00e9veloppement et la production d&#8217;avions civils de ligne, de petite et moyenne capacit\u00e9. La gamme des EMB 170\/ 180 et 190, avions pouvant accueillir de 70 \u00e0 120 passagers, sont d\u00e9velopp\u00e9s dans le but de [&hellip;]<\/p>\n","protected":false},"featured_media":2538,"template":"","meta":[],"product_cat":[43],"product_tag":[],"yoast_head":"<!-- This site is optimized with the Yoast SEO plugin v20.3 - https:\/\/yoast.com\/wordpress\/plugins\/seo\/ -->\n<title>Embraer 195 - Artheau Aviation<\/title>\n<meta name=\"robots\" content=\"noindex, follow, max-snippet:-1, max-image-preview:large, max-video-preview:-1\" \/>\n<meta property=\"og:locale\" content=\"en_GB\" \/>\n<meta property=\"og:type\" content=\"article\" \/>\n<meta property=\"og:title\" content=\"Embraer 195 - Artheau Aviation\" \/>\n<meta property=\"og:description\" content=\"Pr\u00e9sentation g\u00e9n\u00e9rale: L&#8217;Embraer 195 est un avion de ligne produit par l&#8217;entreprise br\u00e9silienne &#8220;Embraer&#8221;. Cette derni\u00e8re est sp\u00e9cialis\u00e9e dans le d\u00e9veloppement et la production d&#8217;avions civils de ligne, de petite et moyenne capacit\u00e9. La gamme des EMB 170\/ 180 et 190, avions pouvant accueillir de 70 \u00e0 120 passagers, sont d\u00e9velopp\u00e9s dans le but de [&hellip;]\" \/>\n<meta property=\"og:url\" content=\"https:\/\/dev.artheauaviation.com\/eng\/product\/embraer-195\/\" \/>\n<meta property=\"og:site_name\" content=\"Artheau Aviation\" \/>\n<meta property=\"article:modified_time\" content=\"2023-02-27T15:34:15+00:00\" \/>\n<meta property=\"og:image\" content=\"http:\/\/dev.artheauaviation.com\/eng\/wp-content\/uploads\/sites\/4\/2016\/10\/Embraer-195.jpg\" \/>\n\t<meta property=\"og:image:width\" content=\"500\" \/>\n\t<meta property=\"og:image:height\" content=\"334\" \/>\n\t<meta property=\"og:image:type\" content=\"image\/jpeg\" \/>\n<meta name=\"twitter:card\" content=\"summary_large_image\" \/>\n<meta name=\"twitter:label1\" content=\"Estimated reading time\" \/>\n\t<meta name=\"twitter:data1\" content=\"2 minutes\" \/>\n<script type=\"application\/ld+json\" class=\"yoast-schema-graph\">{\"@context\":\"https:\/\/schema.org\",\"@graph\":[{\"@type\":\"WebPage\",\"@id\":\"https:\/\/dev.artheauaviation.com\/eng\/product\/embraer-195\/\",\"url\":\"https:\/\/dev.artheauaviation.com\/eng\/product\/embraer-195\/\",\"name\":\"Embraer 195 - Artheau Aviation\",\"isPartOf\":{\"@id\":\"https:\/\/dev.artheauaviation.com\/eng\/#website\"},\"datePublished\":\"2016-10-03T15:05:14+00:00\",\"dateModified\":\"2023-02-27T15:34:15+00:00\",\"breadcrumb\":{\"@id\":\"https:\/\/dev.artheauaviation.com\/eng\/product\/embraer-195\/#breadcrumb\"},\"inLanguage\":\"en-GB\",\"potentialAction\":[{\"@type\":\"ReadAction\",\"target\":[\"https:\/\/dev.artheauaviation.com\/eng\/product\/embraer-195\/\"]}]},{\"@type\":\"BreadcrumbList\",\"@id\":\"https:\/\/dev.artheauaviation.com\/eng\/product\/embraer-195\/#breadcrumb\",\"itemListElement\":[{\"@type\":\"ListItem\",\"position\":1,\"name\":\"Home\",\"item\":\"https:\/\/dev.artheauaviation.com\/eng\/\"},{\"@type\":\"ListItem\",\"position\":2,\"name\":\"Our Planes\",\"item\":\"https:\/\/dev.artheauaviation.com\/eng\/nos-avions\/\"},{\"@type\":\"ListItem\",\"position\":3,\"name\":\"Embraer 195\"}]},{\"@type\":\"WebSite\",\"@id\":\"https:\/\/dev.artheauaviation.com\/eng\/#website\",\"url\":\"https:\/\/dev.artheauaviation.com\/eng\/\",\"name\":\"Artheau Aviation\",\"description\":\"Let&#039;s Fly Together\",\"potentialAction\":[{\"@type\":\"SearchAction\",\"target\":{\"@type\":\"EntryPoint\",\"urlTemplate\":\"https:\/\/dev.artheauaviation.com\/eng\/?s={search_term_string}\"},\"query-input\":\"required name=search_term_string\"}],\"inLanguage\":\"en-GB\"}]}<\/script>\n<!-- \/ Yoast SEO plugin. -->","yoast_head_json":{"title":"Embraer 195 - Artheau Aviation","robots":{"index":"noindex","follow":"follow","max-snippet":"max-snippet:-1","max-image-preview":"max-image-preview:large","max-video-preview":"max-video-preview:-1"},"og_locale":"en_GB","og_type":"article","og_title":"Embraer 195 - Artheau Aviation","og_description":"Pr\u00e9sentation g\u00e9n\u00e9rale: L&#8217;Embraer 195 est un avion de ligne produit par l&#8217;entreprise br\u00e9silienne &#8220;Embraer&#8221;. Cette derni\u00e8re est sp\u00e9cialis\u00e9e dans le d\u00e9veloppement et la production d&#8217;avions civils de ligne, de petite et moyenne capacit\u00e9. La gamme des EMB 170\/ 180 et 190, avions pouvant accueillir de 70 \u00e0 120 passagers, sont d\u00e9velopp\u00e9s dans le but de [&hellip;]","og_url":"https:\/\/dev.artheauaviation.com\/eng\/product\/embraer-195\/","og_site_name":"Artheau Aviation","article_modified_time":"2023-02-27T15:34:15+00:00","og_image":[{"width":500,"height":334,"url":"http:\/\/dev.artheauaviation.com\/eng\/wp-content\/uploads\/sites\/4\/2016\/10\/Embraer-195.jpg","type":"image\/jpeg"}],"twitter_card":"summary_large_image","twitter_misc":{"Estimated reading time":"2 minutes"},"schema":{"@context":"https:\/\/schema.org","@graph":[{"@type":"WebPage","@id":"https:\/\/dev.artheauaviation.com\/eng\/product\/embraer-195\/","url":"https:\/\/dev.artheauaviation.com\/eng\/product\/embraer-195\/","name":"Embraer 195 - Artheau Aviation","isPartOf":{"@id":"https:\/\/dev.artheauaviation.com\/eng\/#website"},"datePublished":"2016-10-03T15:05:14+00:00","dateModified":"2023-02-27T15:34:15+00:00","breadcrumb":{"@id":"https:\/\/dev.artheauaviation.com\/eng\/product\/embraer-195\/#breadcrumb"},"inLanguage":"en-GB","potentialAction":[{"@type":"ReadAction","target":["https:\/\/dev.artheauaviation.com\/eng\/product\/embraer-195\/"]}]},{"@type":"BreadcrumbList","@id":"https:\/\/dev.artheauaviation.com\/eng\/product\/embraer-195\/#breadcrumb","itemListElement":[{"@type":"ListItem","position":1,"name":"Home","item":"https:\/\/dev.artheauaviation.com\/eng\/"},{"@type":"ListItem","position":2,"name":"Our Planes","item":"https:\/\/dev.artheauaviation.com\/eng\/nos-avions\/"},{"@type":"ListItem","position":3,"name":"Embraer 195"}]},{"@type":"WebSite","@id":"https:\/\/dev.artheauaviation.com\/eng\/#website","url":"https:\/\/dev.artheauaviation.com\/eng\/","name":"Artheau Aviation","description":"Let&#039;s Fly Together","potentialAction":[{"@type":"SearchAction","target":{"@type":"EntryPoint","urlTemplate":"https:\/\/dev.artheauaviation.com\/eng\/?s={search_term_string}"},"query-input":"required name=search_term_string"}],"inLanguage":"en-GB"}]}},"yoast_meta":{"title":""},"_links":{"self":[{"href":"https:\/\/dev.artheauaviation.com\/eng\/wp-json\/wp\/v2\/product\/1629"}],"collection":[{"href":"https:\/\/dev.artheauaviation.com\/eng\/wp-json\/wp\/v2\/product"}],"about":[{"href":"https:\/\/dev.artheauaviation.com\/eng\/wp-json\/wp\/v2\/types\/product"}],"wp:featuredmedia":[{"embeddable":true,"href":"https:\/\/dev.artheauaviation.com\/eng\/wp-json\/wp\/v2\/media\/2538"}],"wp:attachment":[{"href":"https:\/\/dev.artheauaviation.com\/eng\/wp-json\/wp\/v2\/media?parent=1629"}],"wp:term":[{"taxonomy":"product_cat","embeddable":true,"href":"https:\/\/dev.artheauaviation.com\/eng\/wp-json\/wp\/v2\/product_cat?post=1629"},{"taxonomy":"product_tag","embeddable":true,"href":"https:\/\/dev.artheauaviation.com\/eng\/wp-json\/wp\/v2\/product_tag?post=1629"}],"curies":[{"name":"wp","href":"https:\/\/api.w.org\/{rel}","templated":true}]}}