{"id":1718,"date":"2016-10-11T13:54:59","date_gmt":"2016-10-11T11:54:59","guid":{"rendered":"https:\/\/artheauaviation.com\/eng\/?post_type=product&#038;p=1718"},"modified":"2023-02-27T17:34:13","modified_gmt":"2023-02-27T15:34:13","slug":"piaggio-p180-avanti","status":"publish","type":"product","link":"https:\/\/dev.artheauaviation.com\/eng\/product\/piaggio-p180-avanti\/","title":{"rendered":"Piaggio P180 Avanti"},"content":{"rendered":"<p style=\"text-align: justify;\"><strong>Pr\u00e9sentation g\u00e9n\u00e9rale:<\/strong><\/p>\n<p style=\"text-align: justify;\">Le Piaggio P180 Avanti est un avion d&#8217;affaires bimoteur turbo-propulseurs construit par la soci\u00e9t\u00e9 italienne Piaggiio Aero. Ce constructeur a\u00e9ronautique, un des plus anciens au monde, nous livre ici un tr\u00e8s bel appareil, \u00e9l\u00e9gant, fiable et confortable. De plus il ouvre la guerre des prix sur le march\u00e9 des avions priv\u00e9s et\/ou d&#8217;affaires gr\u00e2ce \u00e0 sa faible consommation et son co\u00fbt unitaire est bien moins pr\u00e9tentieux que d&#8217;autres avions de la m\u00eame gamme.<\/p>\n<p style=\"text-align: justify;\">Construit entre \u00e0 partir de 1986, il existe une vingtaine d&#8217;exemplaire pour cette version, toujours utilis\u00e9s aujourd&#8217;hui. Le premier vol a eu lieu la m\u00eame ann\u00e9e et l&#8217;on d\u00e9nombre 80 exemplaires P180, vendus \u00e0 ce jour.<\/p>\n<p style=\"text-align: justify;\"><strong>Caract\u00e9ristiques commerciales:<\/strong><\/p>\n<p style=\"text-align: justify;\">En pla\u00e7ant les ailes \u00e0 l\u2019arri\u00e8re de l\u2019avion, l\u2019espace cabine du P180 s\u2019est consid\u00e9rable-ment \u00e9largi. De ce fait il offre un cabine grande pour sa cat\u00e9gorie et permet d&#8217;accueillir 7 passagers confortablement.\u00a0Les passagers appr\u00e9cieront \u00e9galement les agr\u00e9ments am\u00e9lior\u00e9s de carlingue, y compris une vanit\u00e9 et un cabinet transform\u00e9s de toilettes qui ajoute l&#8217;espace tout en r\u00e9duisant le poids et en vol un syst\u00e8me facultatif de divertissement comportant DVD, Cd, radio satellite et affichages mobiles de carte.<\/p>\n<p style=\"text-align: justify;\">Tandis qu&#8217;en vol, la carlingue spacieuse fixe de nouvelles normes dans le confort, la douceur et le niveau extr\u00eamement bas de bruit ambiant.<\/p>\n<p style=\"text-align: justify;\"><strong>Caract\u00e9ristiques techniques:\u00a0<\/strong><\/p>\n<p style=\"text-align: justify;\">Il dispose de 2 h\u00e9lices propulsives car cette architecture est la solution retenue pour \u00e9viter la perte de volume habitable caus\u00e9e par le passage du longeron de l&#8217;aile en cabine.<br \/>\nLa cabine est pressuris\u00e9e et peut emporter deux pilotes et jusqu&#8217;\u00e0 7 passagers (907kg). Bien que n&#8217;\u00e9tant pas particuli\u00e8rement plus bruyant que d&#8217;autres appareils de m\u00eame taille, l&#8217;avion \u00e9met un son particulier d\u00fb \u00e0 la configuration des ailes et \u00e0 l&#8217;effet des gaz d&#8217;\u00e9chappement sur les h\u00e9lices propulsives.<\/p>\n<p style=\"text-align: justify;\">Le nouvel Avanti II (version certifi\u00e9e en 2005) est \u00e9quip\u00e9 d&#8217;une avionique enti\u00e8rement \u00e9lectronique \u00ab\u00a0Pro Line 21\u00a0\u00bb. C&#8217;est le turbopropulseur le plus moderne et le plus rapide actuellement produit, ce qui lui permet de rivaliser avec des jets. Il est d\u00e9j\u00e0 command\u00e9 \u00e0 plus de 70 exemplaires fermes (ce qui repr\u00e9sente un chiffre d&#8217;affaires de 450 M$). Il pourra avoir une charge utile sup\u00e9rieure (5\u00a0466\u00a0kg). Les prochains Avanti II seront propuls\u00e9s par de nouveaux moteurs Pratt &amp; Whitney Canada.<\/p>\n<p style=\"text-align: justify;\">Une campagne de promotion et son \u00e9quipement int\u00e9rieur le font parfois surnommer la \u00ab\u00a0Ferrari du ciel\u00a0\u00bb. D\u00e9tenteur de trois records du monde de vitesse et des plus \u00e9l\u00e9gant cet appareil fait parti des solutions les plus agr\u00e9ables pour vos d\u00e9placements priv\u00e9s et d&#8217;affaires.<\/p>\n","protected":false},"excerpt":{"rendered":"<p>Pr\u00e9sentation g\u00e9n\u00e9rale: Le Piaggio P180 Avanti est un avion d&#8217;affaires bimoteur turbo-propulseurs construit par la soci\u00e9t\u00e9 italienne Piaggiio Aero. Ce constructeur a\u00e9ronautique, un des plus anciens au monde, nous livre ici un tr\u00e8s bel appareil, \u00e9l\u00e9gant, fiable et confortable. De plus il ouvre la guerre des prix sur le march\u00e9 des avions priv\u00e9s et\/ou d&#8217;affaires [&hellip;]<\/p>\n","protected":false},"featured_media":2537,"template":"","meta":[],"product_cat":[44],"product_tag":[],"yoast_head":"<!-- This site is optimized with the Yoast SEO plugin v20.3 - https:\/\/yoast.com\/wordpress\/plugins\/seo\/ -->\n<title>Piaggio P180 Avanti - Artheau Aviation<\/title>\n<meta name=\"robots\" content=\"noindex, follow, max-snippet:-1, max-image-preview:large, max-video-preview:-1\" \/>\n<meta property=\"og:locale\" content=\"en_GB\" \/>\n<meta property=\"og:type\" content=\"article\" \/>\n<meta property=\"og:title\" content=\"Piaggio P180 Avanti - Artheau Aviation\" \/>\n<meta property=\"og:description\" content=\"Pr\u00e9sentation g\u00e9n\u00e9rale: Le Piaggio P180 Avanti est un avion d&#8217;affaires bimoteur turbo-propulseurs construit par la soci\u00e9t\u00e9 italienne Piaggiio Aero. Ce constructeur a\u00e9ronautique, un des plus anciens au monde, nous livre ici un tr\u00e8s bel appareil, \u00e9l\u00e9gant, fiable et confortable. De plus il ouvre la guerre des prix sur le march\u00e9 des avions priv\u00e9s et\/ou d&#8217;affaires [&hellip;]\" \/>\n<meta property=\"og:url\" content=\"https:\/\/dev.artheauaviation.com\/eng\/product\/piaggio-p180-avanti\/\" \/>\n<meta property=\"og:site_name\" content=\"Artheau Aviation\" \/>\n<meta property=\"article:modified_time\" content=\"2023-02-27T15:34:13+00:00\" \/>\n<meta property=\"og:image\" content=\"http:\/\/dev.artheauaviation.com\/eng\/wp-content\/uploads\/sites\/4\/2016\/10\/Piaggio-P180-Avanti.jpg\" \/>\n\t<meta property=\"og:image:width\" content=\"500\" \/>\n\t<meta property=\"og:image:height\" content=\"342\" \/>\n\t<meta property=\"og:image:type\" content=\"image\/jpeg\" \/>\n<meta name=\"twitter:card\" content=\"summary_large_image\" \/>\n<meta name=\"twitter:label1\" content=\"Estimated reading time\" \/>\n\t<meta name=\"twitter:data1\" content=\"2 minutes\" \/>\n<script type=\"application\/ld+json\" class=\"yoast-schema-graph\">{\"@context\":\"https:\/\/schema.org\",\"@graph\":[{\"@type\":\"WebPage\",\"@id\":\"https:\/\/dev.artheauaviation.com\/eng\/product\/piaggio-p180-avanti\/\",\"url\":\"https:\/\/dev.artheauaviation.com\/eng\/product\/piaggio-p180-avanti\/\",\"name\":\"Piaggio P180 Avanti - Artheau Aviation\",\"isPartOf\":{\"@id\":\"https:\/\/dev.artheauaviation.com\/eng\/#website\"},\"datePublished\":\"2016-10-11T11:54:59+00:00\",\"dateModified\":\"2023-02-27T15:34:13+00:00\",\"breadcrumb\":{\"@id\":\"https:\/\/dev.artheauaviation.com\/eng\/product\/piaggio-p180-avanti\/#breadcrumb\"},\"inLanguage\":\"en-GB\",\"potentialAction\":[{\"@type\":\"ReadAction\",\"target\":[\"https:\/\/dev.artheauaviation.com\/eng\/product\/piaggio-p180-avanti\/\"]}]},{\"@type\":\"BreadcrumbList\",\"@id\":\"https:\/\/dev.artheauaviation.com\/eng\/product\/piaggio-p180-avanti\/#breadcrumb\",\"itemListElement\":[{\"@type\":\"ListItem\",\"position\":1,\"name\":\"Home\",\"item\":\"https:\/\/dev.artheauaviation.com\/eng\/\"},{\"@type\":\"ListItem\",\"position\":2,\"name\":\"Our Planes\",\"item\":\"https:\/\/dev.artheauaviation.com\/eng\/nos-avions\/\"},{\"@type\":\"ListItem\",\"position\":3,\"name\":\"Piaggio P180 Avanti\"}]},{\"@type\":\"WebSite\",\"@id\":\"https:\/\/dev.artheauaviation.com\/eng\/#website\",\"url\":\"https:\/\/dev.artheauaviation.com\/eng\/\",\"name\":\"Artheau Aviation\",\"description\":\"Let&#039;s Fly Together\",\"potentialAction\":[{\"@type\":\"SearchAction\",\"target\":{\"@type\":\"EntryPoint\",\"urlTemplate\":\"https:\/\/dev.artheauaviation.com\/eng\/?s={search_term_string}\"},\"query-input\":\"required name=search_term_string\"}],\"inLanguage\":\"en-GB\"}]}<\/script>\n<!-- \/ Yoast SEO plugin. -->","yoast_head_json":{"title":"Piaggio P180 Avanti - Artheau Aviation","robots":{"index":"noindex","follow":"follow","max-snippet":"max-snippet:-1","max-image-preview":"max-image-preview:large","max-video-preview":"max-video-preview:-1"},"og_locale":"en_GB","og_type":"article","og_title":"Piaggio P180 Avanti - Artheau Aviation","og_description":"Pr\u00e9sentation g\u00e9n\u00e9rale: Le Piaggio P180 Avanti est un avion d&#8217;affaires bimoteur turbo-propulseurs construit par la soci\u00e9t\u00e9 italienne Piaggiio Aero. Ce constructeur a\u00e9ronautique, un des plus anciens au monde, nous livre ici un tr\u00e8s bel appareil, \u00e9l\u00e9gant, fiable et confortable. De plus il ouvre la guerre des prix sur le march\u00e9 des avions priv\u00e9s et\/ou d&#8217;affaires [&hellip;]","og_url":"https:\/\/dev.artheauaviation.com\/eng\/product\/piaggio-p180-avanti\/","og_site_name":"Artheau Aviation","article_modified_time":"2023-02-27T15:34:13+00:00","og_image":[{"width":500,"height":342,"url":"http:\/\/dev.artheauaviation.com\/eng\/wp-content\/uploads\/sites\/4\/2016\/10\/Piaggio-P180-Avanti.jpg","type":"image\/jpeg"}],"twitter_card":"summary_large_image","twitter_misc":{"Estimated reading time":"2 minutes"},"schema":{"@context":"https:\/\/schema.org","@graph":[{"@type":"WebPage","@id":"https:\/\/dev.artheauaviation.com\/eng\/product\/piaggio-p180-avanti\/","url":"https:\/\/dev.artheauaviation.com\/eng\/product\/piaggio-p180-avanti\/","name":"Piaggio P180 Avanti - Artheau Aviation","isPartOf":{"@id":"https:\/\/dev.artheauaviation.com\/eng\/#website"},"datePublished":"2016-10-11T11:54:59+00:00","dateModified":"2023-02-27T15:34:13+00:00","breadcrumb":{"@id":"https:\/\/dev.artheauaviation.com\/eng\/product\/piaggio-p180-avanti\/#breadcrumb"},"inLanguage":"en-GB","potentialAction":[{"@type":"ReadAction","target":["https:\/\/dev.artheauaviation.com\/eng\/product\/piaggio-p180-avanti\/"]}]},{"@type":"BreadcrumbList","@id":"https:\/\/dev.artheauaviation.com\/eng\/product\/piaggio-p180-avanti\/#breadcrumb","itemListElement":[{"@type":"ListItem","position":1,"name":"Home","item":"https:\/\/dev.artheauaviation.com\/eng\/"},{"@type":"ListItem","position":2,"name":"Our Planes","item":"https:\/\/dev.artheauaviation.com\/eng\/nos-avions\/"},{"@type":"ListItem","position":3,"name":"Piaggio P180 Avanti"}]},{"@type":"WebSite","@id":"https:\/\/dev.artheauaviation.com\/eng\/#website","url":"https:\/\/dev.artheauaviation.com\/eng\/","name":"Artheau Aviation","description":"Let&#039;s Fly Together","potentialAction":[{"@type":"SearchAction","target":{"@type":"EntryPoint","urlTemplate":"https:\/\/dev.artheauaviation.com\/eng\/?s={search_term_string}"},"query-input":"required name=search_term_string"}],"inLanguage":"en-GB"}]}},"yoast_meta":{"title":""},"_links":{"self":[{"href":"https:\/\/dev.artheauaviation.com\/eng\/wp-json\/wp\/v2\/product\/1718"}],"collection":[{"href":"https:\/\/dev.artheauaviation.com\/eng\/wp-json\/wp\/v2\/product"}],"about":[{"href":"https:\/\/dev.artheauaviation.com\/eng\/wp-json\/wp\/v2\/types\/product"}],"wp:featuredmedia":[{"embeddable":true,"href":"https:\/\/dev.artheauaviation.com\/eng\/wp-json\/wp\/v2\/media\/2537"}],"wp:attachment":[{"href":"https:\/\/dev.artheauaviation.com\/eng\/wp-json\/wp\/v2\/media?parent=1718"}],"wp:term":[{"taxonomy":"product_cat","embeddable":true,"href":"https:\/\/dev.artheauaviation.com\/eng\/wp-json\/wp\/v2\/product_cat?post=1718"},{"taxonomy":"product_tag","embeddable":true,"href":"https:\/\/dev.artheauaviation.com\/eng\/wp-json\/wp\/v2\/product_tag?post=1718"}],"curies":[{"name":"wp","href":"https:\/\/api.w.org\/{rel}","templated":true}]}}