{"id":1761,"date":"2016-10-11T15:10:44","date_gmt":"2016-10-11T13:10:44","guid":{"rendered":"https:\/\/artheauaviation.com\/eng\/?post_type=product&#038;p=1761"},"modified":"2023-02-27T17:34:12","modified_gmt":"2023-02-27T15:34:12","slug":"embraer-190","status":"publish","type":"product","link":"https:\/\/dev.artheauaviation.com\/eng\/product\/embraer-190\/","title":{"rendered":"Embraer 190"},"content":{"rendered":"<p style=\"text-align: justify;\"><strong>Pr\u00e9sentation g\u00e9n\u00e9rale: <\/strong><\/p>\n<p style=\"text-align: justify;\">L&#8217;Embraer 190 est un avion civil produit par l&#8217;entreprise br\u00e9silienne Embraer. Cette version allong\u00e9e de l&#8217;Embraer 170 a fait son premier vol d&#8217;essai le 12 mars 2004 et est certifi\u00e9e depuis la mi-2005. C&#8217;est un bir\u00e9acteurs, rapide et le plus imposant appareil du constructeur sur la gamme des jets r\u00e9gionaux.<br \/>\nDe mars 2004 \u00e0 fin septembre 2007, 107 Embraer 190 ont \u00e9t\u00e9 mis en service.<\/p>\n<p style=\"text-align: justify;\">L\u2019Embraer 190 est le module le plus imposant \u00a0de la gamme de jets r\u00e9gionaux Embraer. Tr\u00e8s performant en termes d\u2019autonomie en vol et de rentabilit\u00e9 \u00e9conomique, il est recherch\u00e9 et appr\u00e9ci\u00e9 pour de nombreux vols sp\u00e9ciaux.<\/p>\n<p style=\"text-align: justify;\"><strong>Caract\u00e9ristiques commerciales:<\/strong><\/p>\n<p style=\"text-align: justify;\">La configuration ainsi que l\u2019\u00e9quipement int\u00e9rieur et ext\u00e9rieur peuvent varier. On retrouve \u00e9galement plusieurs fonctionnalit\u00e9s comme des \u00e9crans individuels \u00e0 commande tactile plac\u00e9s sur chaque si\u00e8ge. De nombreuses compagnies a\u00e9riennes utilisant cet appareil proposent des centaines d&#8217;heures de divertissement audio-vid\u00e9o sur demande. L&#8217;avion met aussi \u00e0 disposition une carte interactive donnant acc\u00e8s \u00e0 des informations utiles sur le vol en cours. Il propose des prises de courant avec une connexion de 110 volt qui ne n\u00e9cessite pas d&#8217;adaptateur. Il existe une prise par paire de si\u00e8ge.<\/p>\n<p style=\"text-align: justify;\">L&#8217;embraer 190 est un avion commercial qui est toujours utilis\u00e9 aujourd&#8217;hui puisque la compagnie a\u00e9rienne <strong>J-Air<\/strong>, filiale r\u00e9gionale de <strong>Japan Airlines<\/strong>, a mis en service les premiers <strong>Embraer 190<\/strong> jamais d\u00e9ploy\u00e9s au Japon le 10 mai 2016. Le nouvel avion est configur\u00e9 pour accueillir 15 passagers en classe Affaires en 1+2 (une premi\u00e8re sur ses routes int\u00e9rieures) et 80 en Economie en 2+2. Les E190 font partie d\u2019une commande pass\u00e9e en aout 2014 et portant sur quinze Embraer 170 et 190 plus douze options. J-Air exploite d\u00e9j\u00e0 dix-sept <strong>E170<\/strong> de 76 places.<\/p>\n<p style=\"text-align: justify;\"><strong>Caract\u00e9ristiques techniques:<\/strong><\/p>\n<p style=\"text-align: justify;\">L&#8217;embraer 190 dispose d&#8217;un bimoteur \u00e0 r\u00e9action et d&#8217;un moteur &#8220;GE CF34-10E&#8221;. Il dispose d&#8217;un avionique de pointe en utilisant le mod\u00e8le &#8220;Honeywell Primus Epic EFIS&#8221; (repr\u00e9sentant le syst\u00e8me d&#8217;instrument de vols \u00e9lectroniques). Sa masse en op\u00e9ration est de 28 tonnes.<\/p>\n","protected":false},"excerpt":{"rendered":"<p>Pr\u00e9sentation g\u00e9n\u00e9rale: L&#8217;Embraer 190 est un avion civil produit par l&#8217;entreprise br\u00e9silienne Embraer. Cette version allong\u00e9e de l&#8217;Embraer 170 a fait son premier vol d&#8217;essai le 12 mars 2004 et est certifi\u00e9e depuis la mi-2005. C&#8217;est un bir\u00e9acteurs, rapide et le plus imposant appareil du constructeur sur la gamme des jets r\u00e9gionaux. De mars 2004 [&hellip;]<\/p>\n","protected":false},"featured_media":2482,"template":"","meta":[],"product_cat":[43],"product_tag":[],"yoast_head":"<!-- This site is optimized with the Yoast SEO plugin v20.3 - https:\/\/yoast.com\/wordpress\/plugins\/seo\/ -->\n<title>Embraer 190 - Artheau Aviation<\/title>\n<meta name=\"robots\" content=\"noindex, follow, max-snippet:-1, max-image-preview:large, max-video-preview:-1\" \/>\n<meta property=\"og:locale\" content=\"en_GB\" \/>\n<meta property=\"og:type\" content=\"article\" \/>\n<meta property=\"og:title\" content=\"Embraer 190 - Artheau Aviation\" \/>\n<meta property=\"og:description\" content=\"Pr\u00e9sentation g\u00e9n\u00e9rale: L&#8217;Embraer 190 est un avion civil produit par l&#8217;entreprise br\u00e9silienne Embraer. Cette version allong\u00e9e de l&#8217;Embraer 170 a fait son premier vol d&#8217;essai le 12 mars 2004 et est certifi\u00e9e depuis la mi-2005. C&#8217;est un bir\u00e9acteurs, rapide et le plus imposant appareil du constructeur sur la gamme des jets r\u00e9gionaux. De mars 2004 [&hellip;]\" \/>\n<meta property=\"og:url\" content=\"https:\/\/dev.artheauaviation.com\/eng\/product\/embraer-190\/\" \/>\n<meta property=\"og:site_name\" content=\"Artheau Aviation\" \/>\n<meta property=\"article:modified_time\" content=\"2023-02-27T15:34:12+00:00\" \/>\n<meta property=\"og:image\" content=\"http:\/\/dev.artheauaviation.com\/eng\/wp-content\/uploads\/sites\/4\/2016\/10\/Embraer-190.jpg\" \/>\n\t<meta property=\"og:image:width\" content=\"500\" \/>\n\t<meta property=\"og:image:height\" content=\"350\" \/>\n\t<meta property=\"og:image:type\" content=\"image\/jpeg\" \/>\n<meta name=\"twitter:card\" content=\"summary_large_image\" \/>\n<meta name=\"twitter:label1\" content=\"Estimated reading time\" \/>\n\t<meta name=\"twitter:data1\" content=\"2 minutes\" \/>\n<script type=\"application\/ld+json\" class=\"yoast-schema-graph\">{\"@context\":\"https:\/\/schema.org\",\"@graph\":[{\"@type\":\"WebPage\",\"@id\":\"https:\/\/dev.artheauaviation.com\/eng\/product\/embraer-190\/\",\"url\":\"https:\/\/dev.artheauaviation.com\/eng\/product\/embraer-190\/\",\"name\":\"Embraer 190 - Artheau Aviation\",\"isPartOf\":{\"@id\":\"https:\/\/dev.artheauaviation.com\/eng\/#website\"},\"datePublished\":\"2016-10-11T13:10:44+00:00\",\"dateModified\":\"2023-02-27T15:34:12+00:00\",\"breadcrumb\":{\"@id\":\"https:\/\/dev.artheauaviation.com\/eng\/product\/embraer-190\/#breadcrumb\"},\"inLanguage\":\"en-GB\",\"potentialAction\":[{\"@type\":\"ReadAction\",\"target\":[\"https:\/\/dev.artheauaviation.com\/eng\/product\/embraer-190\/\"]}]},{\"@type\":\"BreadcrumbList\",\"@id\":\"https:\/\/dev.artheauaviation.com\/eng\/product\/embraer-190\/#breadcrumb\",\"itemListElement\":[{\"@type\":\"ListItem\",\"position\":1,\"name\":\"Home\",\"item\":\"https:\/\/dev.artheauaviation.com\/eng\/\"},{\"@type\":\"ListItem\",\"position\":2,\"name\":\"Our Planes\",\"item\":\"https:\/\/dev.artheauaviation.com\/eng\/nos-avions\/\"},{\"@type\":\"ListItem\",\"position\":3,\"name\":\"Embraer 190\"}]},{\"@type\":\"WebSite\",\"@id\":\"https:\/\/dev.artheauaviation.com\/eng\/#website\",\"url\":\"https:\/\/dev.artheauaviation.com\/eng\/\",\"name\":\"Artheau Aviation\",\"description\":\"Let&#039;s Fly Together\",\"potentialAction\":[{\"@type\":\"SearchAction\",\"target\":{\"@type\":\"EntryPoint\",\"urlTemplate\":\"https:\/\/dev.artheauaviation.com\/eng\/?s={search_term_string}\"},\"query-input\":\"required name=search_term_string\"}],\"inLanguage\":\"en-GB\"}]}<\/script>\n<!-- \/ Yoast SEO plugin. -->","yoast_head_json":{"title":"Embraer 190 - Artheau Aviation","robots":{"index":"noindex","follow":"follow","max-snippet":"max-snippet:-1","max-image-preview":"max-image-preview:large","max-video-preview":"max-video-preview:-1"},"og_locale":"en_GB","og_type":"article","og_title":"Embraer 190 - Artheau Aviation","og_description":"Pr\u00e9sentation g\u00e9n\u00e9rale: L&#8217;Embraer 190 est un avion civil produit par l&#8217;entreprise br\u00e9silienne Embraer. Cette version allong\u00e9e de l&#8217;Embraer 170 a fait son premier vol d&#8217;essai le 12 mars 2004 et est certifi\u00e9e depuis la mi-2005. C&#8217;est un bir\u00e9acteurs, rapide et le plus imposant appareil du constructeur sur la gamme des jets r\u00e9gionaux. De mars 2004 [&hellip;]","og_url":"https:\/\/dev.artheauaviation.com\/eng\/product\/embraer-190\/","og_site_name":"Artheau Aviation","article_modified_time":"2023-02-27T15:34:12+00:00","og_image":[{"width":500,"height":350,"url":"http:\/\/dev.artheauaviation.com\/eng\/wp-content\/uploads\/sites\/4\/2016\/10\/Embraer-190.jpg","type":"image\/jpeg"}],"twitter_card":"summary_large_image","twitter_misc":{"Estimated reading time":"2 minutes"},"schema":{"@context":"https:\/\/schema.org","@graph":[{"@type":"WebPage","@id":"https:\/\/dev.artheauaviation.com\/eng\/product\/embraer-190\/","url":"https:\/\/dev.artheauaviation.com\/eng\/product\/embraer-190\/","name":"Embraer 190 - Artheau Aviation","isPartOf":{"@id":"https:\/\/dev.artheauaviation.com\/eng\/#website"},"datePublished":"2016-10-11T13:10:44+00:00","dateModified":"2023-02-27T15:34:12+00:00","breadcrumb":{"@id":"https:\/\/dev.artheauaviation.com\/eng\/product\/embraer-190\/#breadcrumb"},"inLanguage":"en-GB","potentialAction":[{"@type":"ReadAction","target":["https:\/\/dev.artheauaviation.com\/eng\/product\/embraer-190\/"]}]},{"@type":"BreadcrumbList","@id":"https:\/\/dev.artheauaviation.com\/eng\/product\/embraer-190\/#breadcrumb","itemListElement":[{"@type":"ListItem","position":1,"name":"Home","item":"https:\/\/dev.artheauaviation.com\/eng\/"},{"@type":"ListItem","position":2,"name":"Our Planes","item":"https:\/\/dev.artheauaviation.com\/eng\/nos-avions\/"},{"@type":"ListItem","position":3,"name":"Embraer 190"}]},{"@type":"WebSite","@id":"https:\/\/dev.artheauaviation.com\/eng\/#website","url":"https:\/\/dev.artheauaviation.com\/eng\/","name":"Artheau Aviation","description":"Let&#039;s Fly Together","potentialAction":[{"@type":"SearchAction","target":{"@type":"EntryPoint","urlTemplate":"https:\/\/dev.artheauaviation.com\/eng\/?s={search_term_string}"},"query-input":"required name=search_term_string"}],"inLanguage":"en-GB"}]}},"yoast_meta":{"title":""},"_links":{"self":[{"href":"https:\/\/dev.artheauaviation.com\/eng\/wp-json\/wp\/v2\/product\/1761"}],"collection":[{"href":"https:\/\/dev.artheauaviation.com\/eng\/wp-json\/wp\/v2\/product"}],"about":[{"href":"https:\/\/dev.artheauaviation.com\/eng\/wp-json\/wp\/v2\/types\/product"}],"wp:featuredmedia":[{"embeddable":true,"href":"https:\/\/dev.artheauaviation.com\/eng\/wp-json\/wp\/v2\/media\/2482"}],"wp:attachment":[{"href":"https:\/\/dev.artheauaviation.com\/eng\/wp-json\/wp\/v2\/media?parent=1761"}],"wp:term":[{"taxonomy":"product_cat","embeddable":true,"href":"https:\/\/dev.artheauaviation.com\/eng\/wp-json\/wp\/v2\/product_cat?post=1761"},{"taxonomy":"product_tag","embeddable":true,"href":"https:\/\/dev.artheauaviation.com\/eng\/wp-json\/wp\/v2\/product_tag?post=1761"}],"curies":[{"name":"wp","href":"https:\/\/api.w.org\/{rel}","templated":true}]}}