{"id":1985,"date":"2017-05-22T17:56:00","date_gmt":"2017-05-22T15:56:00","guid":{"rendered":"https:\/\/artheauaviation.com\/eng\/?post_type=product&#038;p=1985"},"modified":"2019-04-16T23:18:16","modified_gmt":"2019-04-16T21:18:16","slug":"bombardier-crj-1000","status":"publish","type":"product","link":"https:\/\/dev.artheauaviation.com\/eng\/product\/bombardier-crj-1000\/","title":{"rendered":"Bombardier CRJ 1000"},"content":{"rendered":"<p style=\"text-align: justify;\"><strong>Pr\u00e9sentation g\u00e9n\u00e9rale:<\/strong><\/p>\n<p style=\"text-align: justify;\">Le CRJ 100 est un avion du constructeur canadien Bombardier A\u00e9ronautique qui a \u00e9t\u00e9 <span class=\"notranslate\">a \u00e9t\u00e9 annonc\u00e9 par Bombardier le 19 F\u00e9vrier 2007.\u00a0Le premier vol a eu lieu le <time class=\"nowrap date-lien\" datetime=\"2008-09-03\">3 septembre 2008<\/time> au centre d&#8217;assemblage de Mirabel. Il est auparavant nomm\u00e9 CRJ-900X.<\/span>\u00a0Il s&#8217;agit d&#8217;un allongement du CRJ-900, passant ainsi de 86 \u00e0 100 si\u00e8ges. Pilot\u00e9 par Jacques Thibaudeau, l&#8217;appareil a atteint <span class=\"nowrap\">480\u00a0km\/h<\/span> et <span class=\"nowrap\">9\u00a0150\u00a0m<\/span> durant ce vol de 2 h 25 min, dans un vol avec volets ouverts,\u00a0pour compl\u00e9ter les tests de certification de vol.<\/p>\n<p style=\"text-align: justify;\"><strong>Caract\u00e9<\/strong><strong>ristiques commerciales:<\/strong><\/p>\n<p style=\"text-align: justify;\">A partir de 2008, 63 commandes \u00e9taient d\u00e9j\u00e0 fermes. Plusieurs options d&#8217;achat \u00e9t\u00e9 \u00e9galement en cours pour cet appareil. Son entr\u00e9e en service \u00e9t\u00e9 pr\u00e9vue pour la fin de 2009. L&#8217;une des premi\u00e8res compagnies \u00e0 commander le CRJ1000 fut la compagnie fran\u00e7aise Brit Air, qui est une filiale d&#8217;Air France. Elle en a command\u00e9 14. De plus, Myair.com, compagnie a\u00e9rienne\u00a0\u00e0 bien prix italienne,\u00a0a transform\u00e9 une commande de 15 CRJ900 en 15 CRJ1000. Adria Airways, compagnie a\u00e9rienne de Slov\u00e9nie, a pris une commande ainsi qu&#8217;une option. D&#8217;autre part, une autre compagnie non sp\u00e9cifi\u00e9e a fait une offre ferme de 15 avions et de 15 autres en option conditionnelle. Atlasjet, compagnie a\u00e9rienne turque, a \u00e9galement montr\u00e9 de l&#8217;int\u00e9r\u00eat.<\/p>\n<p style=\"text-align: justify;\">Le constructeur Bombardier A\u00e9ronautique annon\u00e7a le 14 juin 2009 une commande de 793 millions de dollars am\u00e9ricains,\u00a0pour un total 15 CRJ-1000 <i>NextGeneration<\/i> avec la compagnie a\u00e9rienne espagnole Air Nostrum<span style=\"font-size: 13.3333px;\">.\u00a0<\/span>Le 21 juin 2012, le constructeur a annonc\u00e9 une commande d&#8217;une filiale de Nordic Aviation Capital de <span class=\"nowrap\">12\u00a0CRJ-1000<\/span> pour la somme d&#8217;environ <span class=\"nowrap\">600\u00a0millions de dollars canadiens.<\/span><\/p>\n<p style=\"text-align: justify;\"><strong>Caract\u00e9ristiques techniques:<\/strong><\/p>\n<p style=\"text-align: justify;\">Le constructeur canadien mentionne de meilleures performances et un plus grand profit par place que le L190 de Embraer, constructeur a\u00e9ronautique br\u00e9silien. De plus, il affirme\u00a0une r\u00e9duction de 30\u00a0% des \u00e9missions polluantes de ces appareils similaires. La longueur du CRJ1000 est de 39,13 m\u00e8tres, et son rayon d&#8217;action est de 2 761 km. Sa vitesse de croisi\u00e8re est de 873 km\/h, pour une capacit\u00e9 de 100 passagers.<\/p>\n","protected":false},"excerpt":{"rendered":"<p>Pr\u00e9sentation g\u00e9n\u00e9rale: Le CRJ 100 est un avion du constructeur canadien Bombardier A\u00e9ronautique qui a \u00e9t\u00e9 a \u00e9t\u00e9 annonc\u00e9 par Bombardier le 19 F\u00e9vrier 2007.\u00a0Le premier vol a eu lieu le 3 septembre 2008 au centre d&#8217;assemblage de Mirabel. Il est auparavant nomm\u00e9 CRJ-900X.\u00a0Il s&#8217;agit d&#8217;un allongement du CRJ-900, passant ainsi de 86 \u00e0 100 [&hellip;]<\/p>\n","protected":false},"featured_media":2471,"template":"","meta":[],"product_cat":[43],"product_tag":[],"yoast_head":"<!-- This site is optimized with the Yoast SEO plugin v20.3 - https:\/\/yoast.com\/wordpress\/plugins\/seo\/ -->\n<title>Bombardier CRJ 1000 - Artheau Aviation<\/title>\n<meta name=\"robots\" content=\"noindex, follow, max-snippet:-1, max-image-preview:large, max-video-preview:-1\" \/>\n<meta property=\"og:locale\" content=\"en_GB\" \/>\n<meta property=\"og:type\" content=\"article\" \/>\n<meta property=\"og:title\" content=\"Bombardier CRJ 1000 - Artheau Aviation\" \/>\n<meta property=\"og:description\" content=\"Pr\u00e9sentation g\u00e9n\u00e9rale: Le CRJ 100 est un avion du constructeur canadien Bombardier A\u00e9ronautique qui a \u00e9t\u00e9 a \u00e9t\u00e9 annonc\u00e9 par Bombardier le 19 F\u00e9vrier 2007.\u00a0Le premier vol a eu lieu le 3 septembre 2008 au centre d&#8217;assemblage de Mirabel. Il est auparavant nomm\u00e9 CRJ-900X.\u00a0Il s&#8217;agit d&#8217;un allongement du CRJ-900, passant ainsi de 86 \u00e0 100 [&hellip;]\" \/>\n<meta property=\"og:url\" content=\"https:\/\/dev.artheauaviation.com\/eng\/product\/bombardier-crj-1000\/\" \/>\n<meta property=\"og:site_name\" content=\"Artheau Aviation\" \/>\n<meta property=\"article:modified_time\" content=\"2019-04-16T21:18:16+00:00\" \/>\n<meta property=\"og:image\" content=\"http:\/\/dev.artheauaviation.com\/eng\/wp-content\/uploads\/sites\/4\/2017\/05\/Bombardier-CRJ-1000.jpg\" \/>\n\t<meta property=\"og:image:width\" content=\"500\" \/>\n\t<meta property=\"og:image:height\" content=\"350\" \/>\n\t<meta property=\"og:image:type\" content=\"image\/jpeg\" \/>\n<meta name=\"twitter:card\" content=\"summary_large_image\" \/>\n<meta name=\"twitter:label1\" content=\"Estimated reading time\" \/>\n\t<meta name=\"twitter:data1\" content=\"2 minutes\" \/>\n<script type=\"application\/ld+json\" class=\"yoast-schema-graph\">{\"@context\":\"https:\/\/schema.org\",\"@graph\":[{\"@type\":\"WebPage\",\"@id\":\"https:\/\/dev.artheauaviation.com\/eng\/product\/bombardier-crj-1000\/\",\"url\":\"https:\/\/dev.artheauaviation.com\/eng\/product\/bombardier-crj-1000\/\",\"name\":\"Bombardier CRJ 1000 - Artheau Aviation\",\"isPartOf\":{\"@id\":\"https:\/\/dev.artheauaviation.com\/eng\/#website\"},\"datePublished\":\"2017-05-22T15:56:00+00:00\",\"dateModified\":\"2019-04-16T21:18:16+00:00\",\"breadcrumb\":{\"@id\":\"https:\/\/dev.artheauaviation.com\/eng\/product\/bombardier-crj-1000\/#breadcrumb\"},\"inLanguage\":\"en-GB\",\"potentialAction\":[{\"@type\":\"ReadAction\",\"target\":[\"https:\/\/dev.artheauaviation.com\/eng\/product\/bombardier-crj-1000\/\"]}]},{\"@type\":\"BreadcrumbList\",\"@id\":\"https:\/\/dev.artheauaviation.com\/eng\/product\/bombardier-crj-1000\/#breadcrumb\",\"itemListElement\":[{\"@type\":\"ListItem\",\"position\":1,\"name\":\"Home\",\"item\":\"https:\/\/dev.artheauaviation.com\/eng\/\"},{\"@type\":\"ListItem\",\"position\":2,\"name\":\"Our Planes\",\"item\":\"https:\/\/dev.artheauaviation.com\/eng\/nos-avions\/\"},{\"@type\":\"ListItem\",\"position\":3,\"name\":\"Bombardier CRJ 1000\"}]},{\"@type\":\"WebSite\",\"@id\":\"https:\/\/dev.artheauaviation.com\/eng\/#website\",\"url\":\"https:\/\/dev.artheauaviation.com\/eng\/\",\"name\":\"Artheau Aviation\",\"description\":\"Let&#039;s Fly Together\",\"potentialAction\":[{\"@type\":\"SearchAction\",\"target\":{\"@type\":\"EntryPoint\",\"urlTemplate\":\"https:\/\/dev.artheauaviation.com\/eng\/?s={search_term_string}\"},\"query-input\":\"required name=search_term_string\"}],\"inLanguage\":\"en-GB\"}]}<\/script>\n<!-- \/ Yoast SEO plugin. -->","yoast_head_json":{"title":"Bombardier CRJ 1000 - Artheau Aviation","robots":{"index":"noindex","follow":"follow","max-snippet":"max-snippet:-1","max-image-preview":"max-image-preview:large","max-video-preview":"max-video-preview:-1"},"og_locale":"en_GB","og_type":"article","og_title":"Bombardier CRJ 1000 - Artheau Aviation","og_description":"Pr\u00e9sentation g\u00e9n\u00e9rale: Le CRJ 100 est un avion du constructeur canadien Bombardier A\u00e9ronautique qui a \u00e9t\u00e9 a \u00e9t\u00e9 annonc\u00e9 par Bombardier le 19 F\u00e9vrier 2007.\u00a0Le premier vol a eu lieu le 3 septembre 2008 au centre d&#8217;assemblage de Mirabel. Il est auparavant nomm\u00e9 CRJ-900X.\u00a0Il s&#8217;agit d&#8217;un allongement du CRJ-900, passant ainsi de 86 \u00e0 100 [&hellip;]","og_url":"https:\/\/dev.artheauaviation.com\/eng\/product\/bombardier-crj-1000\/","og_site_name":"Artheau Aviation","article_modified_time":"2019-04-16T21:18:16+00:00","og_image":[{"width":500,"height":350,"url":"http:\/\/dev.artheauaviation.com\/eng\/wp-content\/uploads\/sites\/4\/2017\/05\/Bombardier-CRJ-1000.jpg","type":"image\/jpeg"}],"twitter_card":"summary_large_image","twitter_misc":{"Estimated reading time":"2 minutes"},"schema":{"@context":"https:\/\/schema.org","@graph":[{"@type":"WebPage","@id":"https:\/\/dev.artheauaviation.com\/eng\/product\/bombardier-crj-1000\/","url":"https:\/\/dev.artheauaviation.com\/eng\/product\/bombardier-crj-1000\/","name":"Bombardier CRJ 1000 - Artheau Aviation","isPartOf":{"@id":"https:\/\/dev.artheauaviation.com\/eng\/#website"},"datePublished":"2017-05-22T15:56:00+00:00","dateModified":"2019-04-16T21:18:16+00:00","breadcrumb":{"@id":"https:\/\/dev.artheauaviation.com\/eng\/product\/bombardier-crj-1000\/#breadcrumb"},"inLanguage":"en-GB","potentialAction":[{"@type":"ReadAction","target":["https:\/\/dev.artheauaviation.com\/eng\/product\/bombardier-crj-1000\/"]}]},{"@type":"BreadcrumbList","@id":"https:\/\/dev.artheauaviation.com\/eng\/product\/bombardier-crj-1000\/#breadcrumb","itemListElement":[{"@type":"ListItem","position":1,"name":"Home","item":"https:\/\/dev.artheauaviation.com\/eng\/"},{"@type":"ListItem","position":2,"name":"Our Planes","item":"https:\/\/dev.artheauaviation.com\/eng\/nos-avions\/"},{"@type":"ListItem","position":3,"name":"Bombardier CRJ 1000"}]},{"@type":"WebSite","@id":"https:\/\/dev.artheauaviation.com\/eng\/#website","url":"https:\/\/dev.artheauaviation.com\/eng\/","name":"Artheau Aviation","description":"Let&#039;s Fly Together","potentialAction":[{"@type":"SearchAction","target":{"@type":"EntryPoint","urlTemplate":"https:\/\/dev.artheauaviation.com\/eng\/?s={search_term_string}"},"query-input":"required name=search_term_string"}],"inLanguage":"en-GB"}]}},"yoast_meta":{"title":""},"_links":{"self":[{"href":"https:\/\/dev.artheauaviation.com\/eng\/wp-json\/wp\/v2\/product\/1985"}],"collection":[{"href":"https:\/\/dev.artheauaviation.com\/eng\/wp-json\/wp\/v2\/product"}],"about":[{"href":"https:\/\/dev.artheauaviation.com\/eng\/wp-json\/wp\/v2\/types\/product"}],"wp:featuredmedia":[{"embeddable":true,"href":"https:\/\/dev.artheauaviation.com\/eng\/wp-json\/wp\/v2\/media\/2471"}],"wp:attachment":[{"href":"https:\/\/dev.artheauaviation.com\/eng\/wp-json\/wp\/v2\/media?parent=1985"}],"wp:term":[{"taxonomy":"product_cat","embeddable":true,"href":"https:\/\/dev.artheauaviation.com\/eng\/wp-json\/wp\/v2\/product_cat?post=1985"},{"taxonomy":"product_tag","embeddable":true,"href":"https:\/\/dev.artheauaviation.com\/eng\/wp-json\/wp\/v2\/product_tag?post=1985"}],"curies":[{"name":"wp","href":"https:\/\/api.w.org\/{rel}","templated":true}]}}