{"id":2067,"date":"2017-05-29T18:38:02","date_gmt":"2017-05-29T16:38:02","guid":{"rendered":"https:\/\/artheauaviation.com\/eng\/?post_type=product&#038;p=2067"},"modified":"2023-02-27T17:34:11","modified_gmt":"2023-02-27T15:34:11","slug":"hawker-800","status":"publish","type":"product","link":"https:\/\/dev.artheauaviation.com\/eng\/product\/hawker-800\/","title":{"rendered":"Hawker 800"},"content":{"rendered":"<p style=\"text-align: justify;\"><strong>Pr\u00e9sentation g\u00e9n\u00e9rale:<\/strong><\/p>\n<p style=\"text-align: justify;\">Le Hawker 800 est un bir\u00e9acteur\u00a0cr\u00e9\u00e9 par De Havilland durant les ann\u00e9es 1960. L\u2019appareil est d\u2019abord d\u00e9sign\u00e9 DH.125 &#8220;Jet Dragon&#8221; avant d\u2019\u00eatre renomm\u00e9e HS.125 en 1964 puis BAe 125 en 1977. Lorsque la division des jets d\u2019affaire de British Aerospace est rachet\u00e9 par Raytheon en 1993, la production de l\u2019appareil continue, vu le grand succ\u00e8s qu\u2019obtient sur le march\u00e9 la version 800. Son premier vol a eu lieu le 26 juin 1983, il n&#8217;est aujourd&#8217;hui plus produit mais est toujours en service chez certaines compagnies a\u00e9riennes. 650 exemplaires de cet appareil ont \u00e9t\u00e9 construits.<\/p>\n<p style=\"text-align: justify;\"><strong>Caract\u00e9ristiques commerciales:<\/strong><\/p>\n<p style=\"text-align: justify;\">Le Hawker Beechcraft Hawker 800 est un jet d\u2019affaires bir\u00e9acteur de taille moyenne. L&#8217;am\u00e9nagement int\u00e9rieur du Hawker 800 propose un salon pour quatre passagers, un divan \u00e0 trois places ainsi qu&#8217;un fauteuil \u00e0 l&#8217;avant. Tous les si\u00e8ges sont totalement r\u00e9glables et pivotent sur 360 degr\u00e9s. La hauteur de plafond assure un confort\u00a0sur toute la longueur de la cabine. A bord de cet avion vous dispos\u00e9 \u00e9galement d&#8217;un espace pour le service de rafra\u00eechissements \u00e0 bord.<\/p>\n<p style=\"text-align: justify;\">Le Hawker 800 est un des meilleurs jets d&#8217;affaires en ce qui concerne le confort, la taille de cabine et la port\u00e9e. Il est par ailleurs l&#8217;un des jets de taille moyenne les plus populaires de la plan\u00e8te. Vous pourrez ainsi effectuer de courtes distance, mais \u00e9galement des vols transcontinentaux et internationaux en tout confort. Il pr\u00e9sente de plus des vitesses de mont\u00e9e et de croisi\u00e8re, ainsi que des performances sur piste incomparables.<\/p>\n<p style=\"text-align: justify;\"><strong>Caract\u00e9ristiques techniques:<\/strong><\/p>\n<p style=\"text-align: justify;\">Le Hawker 800 est \u00e9quip\u00e9 de syst\u00e8mes avioniques de pointe, d&#8217;un int\u00e9rieur au design moderne et d&#8217;ailettes permettant d&#8217;augmenter sa port\u00e9e et de r\u00e9duire sa consommation de carburant.\u00a0<span id=\"tran0\">Les sections du fuselage, les ailes et les surfaces de contr\u00f4le sont fabriqu\u00e9s et assembl\u00e9s au Royaume-Uni.\u00a0<\/span><\/p>\n<p style=\"text-align: justify;\">Le Hawker 800 a subi de nombreuses modifications par rapport aux versions ant\u00e9rieures. De nouvelles sections d\u2019ailes ext\u00e9rieures am\u00e9liorant l\u2019efficacit\u00e9 a\u00e9rodynamique et des r\u00e9acteurs Garrett TFE731-5R-1H permettent une diminution de la train\u00e9e et une augmentation des performances de l\u2019appareil. Le volume des r\u00e9servoirs de carburant est augment\u00e9 et le cockpit est modernis\u00e9 avec la pr\u00e9sence d\u2019\u00e9crans multifonctions facilitant le pilotage. Enfin, le Hawker 800 est capable d\u2019atterrir et de d\u00e9coller \u00e0 partir de pistes plus courtes que la plupart des autres jets d\u2019affaires.<\/p>\n<p>&nbsp;<\/p>\n<p>I don&#8217;t usually like back lit pictures, but the sky was absolutely wonderful and this beautiful bird had winglets!<\/p>\n<p>13 August 2006, 14:12<\/p>\n<p>Hawker 800XP with winglets<\/p>\n<p>Cory W.Watts from Madison, Wisconsin, United States of America<\/p>\n<p>This image was originally posted to Flickr by Capwatts86 at https:\/\/flickr.com\/photos\/63366024@N00\/350912720<\/p>\n","protected":false},"excerpt":{"rendered":"<p>Pr\u00e9sentation g\u00e9n\u00e9rale: Le Hawker 800 est un bir\u00e9acteur\u00a0cr\u00e9\u00e9 par De Havilland durant les ann\u00e9es 1960. L\u2019appareil est d\u2019abord d\u00e9sign\u00e9 DH.125 &#8220;Jet Dragon&#8221; avant d\u2019\u00eatre renomm\u00e9e HS.125 en 1964 puis BAe 125 en 1977. Lorsque la division des jets d\u2019affaire de British Aerospace est rachet\u00e9 par Raytheon en 1993, la production de l\u2019appareil continue, vu le [&hellip;]<\/p>\n","protected":false},"featured_media":2565,"template":"","meta":[],"product_cat":[44],"product_tag":[],"yoast_head":"<!-- This site is optimized with the Yoast SEO plugin v20.3 - https:\/\/yoast.com\/wordpress\/plugins\/seo\/ -->\n<title>Hawker 800 - Artheau Aviation<\/title>\n<meta name=\"robots\" content=\"noindex, follow, max-snippet:-1, max-image-preview:large, max-video-preview:-1\" \/>\n<meta property=\"og:locale\" content=\"en_GB\" \/>\n<meta property=\"og:type\" content=\"article\" \/>\n<meta property=\"og:title\" content=\"Hawker 800 - Artheau Aviation\" \/>\n<meta property=\"og:description\" content=\"Pr\u00e9sentation g\u00e9n\u00e9rale: Le Hawker 800 est un bir\u00e9acteur\u00a0cr\u00e9\u00e9 par De Havilland durant les ann\u00e9es 1960. L\u2019appareil est d\u2019abord d\u00e9sign\u00e9 DH.125 &#8220;Jet Dragon&#8221; avant d\u2019\u00eatre renomm\u00e9e HS.125 en 1964 puis BAe 125 en 1977. Lorsque la division des jets d\u2019affaire de British Aerospace est rachet\u00e9 par Raytheon en 1993, la production de l\u2019appareil continue, vu le [&hellip;]\" \/>\n<meta property=\"og:url\" content=\"https:\/\/dev.artheauaviation.com\/eng\/product\/hawker-800\/\" \/>\n<meta property=\"og:site_name\" content=\"Artheau Aviation\" \/>\n<meta property=\"article:modified_time\" content=\"2023-02-27T15:34:11+00:00\" \/>\n<meta property=\"og:image\" content=\"http:\/\/dev.artheauaviation.com\/eng\/wp-content\/uploads\/sites\/4\/2017\/05\/hawker800.jpg\" \/>\n\t<meta property=\"og:image:width\" content=\"800\" \/>\n\t<meta property=\"og:image:height\" content=\"481\" \/>\n\t<meta property=\"og:image:type\" content=\"image\/jpeg\" \/>\n<meta name=\"twitter:card\" content=\"summary_large_image\" \/>\n<meta name=\"twitter:label1\" content=\"Estimated reading time\" \/>\n\t<meta name=\"twitter:data1\" content=\"2 minutes\" \/>\n<script type=\"application\/ld+json\" class=\"yoast-schema-graph\">{\"@context\":\"https:\/\/schema.org\",\"@graph\":[{\"@type\":\"WebPage\",\"@id\":\"https:\/\/dev.artheauaviation.com\/eng\/product\/hawker-800\/\",\"url\":\"https:\/\/dev.artheauaviation.com\/eng\/product\/hawker-800\/\",\"name\":\"Hawker 800 - Artheau Aviation\",\"isPartOf\":{\"@id\":\"https:\/\/dev.artheauaviation.com\/eng\/#website\"},\"datePublished\":\"2017-05-29T16:38:02+00:00\",\"dateModified\":\"2023-02-27T15:34:11+00:00\",\"breadcrumb\":{\"@id\":\"https:\/\/dev.artheauaviation.com\/eng\/product\/hawker-800\/#breadcrumb\"},\"inLanguage\":\"en-GB\",\"potentialAction\":[{\"@type\":\"ReadAction\",\"target\":[\"https:\/\/dev.artheauaviation.com\/eng\/product\/hawker-800\/\"]}]},{\"@type\":\"BreadcrumbList\",\"@id\":\"https:\/\/dev.artheauaviation.com\/eng\/product\/hawker-800\/#breadcrumb\",\"itemListElement\":[{\"@type\":\"ListItem\",\"position\":1,\"name\":\"Home\",\"item\":\"https:\/\/dev.artheauaviation.com\/eng\/\"},{\"@type\":\"ListItem\",\"position\":2,\"name\":\"Our Planes\",\"item\":\"https:\/\/dev.artheauaviation.com\/eng\/nos-avions\/\"},{\"@type\":\"ListItem\",\"position\":3,\"name\":\"Hawker 800\"}]},{\"@type\":\"WebSite\",\"@id\":\"https:\/\/dev.artheauaviation.com\/eng\/#website\",\"url\":\"https:\/\/dev.artheauaviation.com\/eng\/\",\"name\":\"Artheau Aviation\",\"description\":\"Let&#039;s Fly Together\",\"potentialAction\":[{\"@type\":\"SearchAction\",\"target\":{\"@type\":\"EntryPoint\",\"urlTemplate\":\"https:\/\/dev.artheauaviation.com\/eng\/?s={search_term_string}\"},\"query-input\":\"required name=search_term_string\"}],\"inLanguage\":\"en-GB\"}]}<\/script>\n<!-- \/ Yoast SEO plugin. -->","yoast_head_json":{"title":"Hawker 800 - Artheau Aviation","robots":{"index":"noindex","follow":"follow","max-snippet":"max-snippet:-1","max-image-preview":"max-image-preview:large","max-video-preview":"max-video-preview:-1"},"og_locale":"en_GB","og_type":"article","og_title":"Hawker 800 - Artheau Aviation","og_description":"Pr\u00e9sentation g\u00e9n\u00e9rale: Le Hawker 800 est un bir\u00e9acteur\u00a0cr\u00e9\u00e9 par De Havilland durant les ann\u00e9es 1960. L\u2019appareil est d\u2019abord d\u00e9sign\u00e9 DH.125 &#8220;Jet Dragon&#8221; avant d\u2019\u00eatre renomm\u00e9e HS.125 en 1964 puis BAe 125 en 1977. Lorsque la division des jets d\u2019affaire de British Aerospace est rachet\u00e9 par Raytheon en 1993, la production de l\u2019appareil continue, vu le [&hellip;]","og_url":"https:\/\/dev.artheauaviation.com\/eng\/product\/hawker-800\/","og_site_name":"Artheau Aviation","article_modified_time":"2023-02-27T15:34:11+00:00","og_image":[{"width":800,"height":481,"url":"http:\/\/dev.artheauaviation.com\/eng\/wp-content\/uploads\/sites\/4\/2017\/05\/hawker800.jpg","type":"image\/jpeg"}],"twitter_card":"summary_large_image","twitter_misc":{"Estimated reading time":"2 minutes"},"schema":{"@context":"https:\/\/schema.org","@graph":[{"@type":"WebPage","@id":"https:\/\/dev.artheauaviation.com\/eng\/product\/hawker-800\/","url":"https:\/\/dev.artheauaviation.com\/eng\/product\/hawker-800\/","name":"Hawker 800 - Artheau Aviation","isPartOf":{"@id":"https:\/\/dev.artheauaviation.com\/eng\/#website"},"datePublished":"2017-05-29T16:38:02+00:00","dateModified":"2023-02-27T15:34:11+00:00","breadcrumb":{"@id":"https:\/\/dev.artheauaviation.com\/eng\/product\/hawker-800\/#breadcrumb"},"inLanguage":"en-GB","potentialAction":[{"@type":"ReadAction","target":["https:\/\/dev.artheauaviation.com\/eng\/product\/hawker-800\/"]}]},{"@type":"BreadcrumbList","@id":"https:\/\/dev.artheauaviation.com\/eng\/product\/hawker-800\/#breadcrumb","itemListElement":[{"@type":"ListItem","position":1,"name":"Home","item":"https:\/\/dev.artheauaviation.com\/eng\/"},{"@type":"ListItem","position":2,"name":"Our Planes","item":"https:\/\/dev.artheauaviation.com\/eng\/nos-avions\/"},{"@type":"ListItem","position":3,"name":"Hawker 800"}]},{"@type":"WebSite","@id":"https:\/\/dev.artheauaviation.com\/eng\/#website","url":"https:\/\/dev.artheauaviation.com\/eng\/","name":"Artheau Aviation","description":"Let&#039;s Fly Together","potentialAction":[{"@type":"SearchAction","target":{"@type":"EntryPoint","urlTemplate":"https:\/\/dev.artheauaviation.com\/eng\/?s={search_term_string}"},"query-input":"required name=search_term_string"}],"inLanguage":"en-GB"}]}},"yoast_meta":{"title":""},"_links":{"self":[{"href":"https:\/\/dev.artheauaviation.com\/eng\/wp-json\/wp\/v2\/product\/2067"}],"collection":[{"href":"https:\/\/dev.artheauaviation.com\/eng\/wp-json\/wp\/v2\/product"}],"about":[{"href":"https:\/\/dev.artheauaviation.com\/eng\/wp-json\/wp\/v2\/types\/product"}],"wp:featuredmedia":[{"embeddable":true,"href":"https:\/\/dev.artheauaviation.com\/eng\/wp-json\/wp\/v2\/media\/2565"}],"wp:attachment":[{"href":"https:\/\/dev.artheauaviation.com\/eng\/wp-json\/wp\/v2\/media?parent=2067"}],"wp:term":[{"taxonomy":"product_cat","embeddable":true,"href":"https:\/\/dev.artheauaviation.com\/eng\/wp-json\/wp\/v2\/product_cat?post=2067"},{"taxonomy":"product_tag","embeddable":true,"href":"https:\/\/dev.artheauaviation.com\/eng\/wp-json\/wp\/v2\/product_tag?post=2067"}],"curies":[{"name":"wp","href":"https:\/\/api.w.org\/{rel}","templated":true}]}}